actor of 56 and 16331.
7
Calculate the highest common divisor of 1672960 and 2560.
1280
Calculate the highest common divisor of 372 and 1649572.
124
What is the highest common divisor of 7134 and 5510?
58
Calculate the greatest common divisor of 9861 and 5709.
519
Calculate the greatest common divisor of 63052 and 220.
44
Calculate the highest common factor of 13 and 2601521.
13
What is the greatest common divisor of 96991 and 115?
23
What is the greatest common factor of 392 and 17616?
8
Calculate the highest common factor of 484 and 339042.
242
Calculate the greatest common factor of 879711 and 978.
489
What is the highest common factor of 340 and 1101430?
170
Calculate the highest common factor of 584 and 253237.
73
Calculate the greatest common divisor of 30476 and 988.
76
What is the highest common divisor of 16350 and 18966?
654
What is the greatest common factor of 9120 and 3360?
480
Calculate the highest common factor of 71002 and 393.
131
What is the highest common divisor of 132075 and 90?
45
What is the highest common factor of 301 and 37496?
43
Calculate the greatest common divisor of 66 and 37026.
66
Calculate the greatest common divisor of 7636383 and 131.
131
What is the highest common divisor of 6966 and 2967?
129
Calculate the greatest common divisor of 126 and 452.
2
What is the highest common divisor of 32976 and 4356?
36
Calculate the highest common divisor of 258358 and 101.
101
Calculate the highest common divisor of 890 and 398542.
178
Calculate the greatest common divisor of 10 and 10300.
10
What is the highest common factor of 4190 and 11?
1
What is the highest common divisor of 82452 and 96?
12
Calculate the greatest common divisor of 104 and 210808.
104
Calculate the highest common divisor of 160 and 3175.
5
Calculate the greatest common factor of 20 and 26495.
5
Calculate the highest common divisor of 810 and 96.
6
What is the highest common factor of 2565 and 4693?
19
What is the greatest common divisor of 53262 and 78?
6
What is the greatest common factor of 1530 and 290?
10
What is the highest common divisor of 1666765 and 17?
17
Calculate the highest common divisor of 8875 and 4219175.
1775
What is the greatest common divisor of 1271913 and 14064?
879
What is the greatest common factor of 47334 and 184?
46
What is the greatest common divisor of 13884 and 5694?
78
Calculate the greatest common factor of 34164 and 24966.
1314
Calculate the greatest common factor of 2009 and 4.
1
What is the greatest common divisor of 576288 and 3248?
464
Calculate the greatest common factor of 156004 and 125166.
1814
Calculate the highest common divisor of 362 and 13213.
181
What is the greatest common factor of 39460 and 1060?
20
Calculate the highest common divisor of 5184 and 3645.
81
What is the greatest common factor of 1849827 and 6195?
1239
Calculate the greatest common divisor of 242474 and 410.
82
What is the greatest common factor of 3536 and 79768?
104
What is the highest common factor of 514 and 1915164?
514
What is the greatest common factor of 363 and 103213?
121
What is the greatest common factor of 19 and 4261510?
19
Calculate the greatest common divisor of 184 and 1736.
8
Calculate the highest common factor of 24 and 282708.
12
Calculate the greatest common factor of 244755 and 75.
15
Calculate the highest common factor of 4896 and 47430.
306
What is the greatest common divisor of 52729 and 469?
67
What is the greatest common factor of 120722 and 42?
14
Calculate the highest common factor of 11 and 221111.
11
What is the highest common factor of 405 and 7035?
15
Calculate the highest common divisor of 4053153 and 1339.
1339
Calculate the greatest common factor of 40077 and 18.
9
What is the greatest common divisor of 241480 and 1160?
40
Calculate the highest common factor of 1573 and 598.
13
Calculate the highest common factor of 32 and 60344.
8
What is the highest common divisor of 162136 and 1664?
104
Calculate the greatest common factor of 6574 and 30.
2
What is the greatest common factor of 52 and 200356?
52
What is the highest common factor of 1077711 and 69?
69
What is the highest common divisor of 672 and 4056?
24
What is the highest common factor of 733930 and 10?
10
Calculate the greatest common divisor of 93 and 1767.
93
Calculate the highest common factor of 14445 and 2400.
15
What is the greatest common divisor of 18 and 642?
6
Calculate the greatest common factor of 494 and 93974.
38
Calculate the greatest common divisor of 2500 and 5.
5
What is the highest common factor of 137067 and 42?
21
What is the greatest common divisor of 3749284 and 2035?
407
Calculate the highest common factor of 3328 and 1690.
26
Calculate the highest common factor of 13104 and 22659.
273
Calculate the highest common divisor of 333600 and 7050.
150
Calculate the greatest common divisor of 52 and 163046.
26
Calculate the greatest common factor of 1285452 and 96.
12
What is the highest common divisor of 446649 and 21?
21
Calculate the highest common factor of 393646 and 4466.
638
What is the highest common divisor of 2 and 9210?
2
What is the greatest common factor of 425 and 3588275?
425
Calculate the greatest common factor of 16948 and 1064.
76
Calculate the highest common divisor of 1784 and 1024.
8
Calculate the highest common factor of 155 and 12431.
31
Calculate the highest common divisor of 197428 and 264.
44
Calculate the highest common factor of 665606 and 2.
2
What is the greatest common divisor of 5504437 and 997?
997
What is the highest common factor of 182200 and 30?
10
What is the greatest common factor of 516 and 353718?
258
What is the highest common divisor of 80 and 298912?
16
Calculate the greatest common factor of 162 and 22500.
18
What is the highest common factor of 10344 and 384?
24
Calculate the highest common divisor of 1090915 and 47215.
2485
What is the greatest common divisor of 42276 and 182?
26
What is the greatest common factor of 264 and 3048?
24
Calculate the greatest common factor of 319935 and 336.
21
What is the highest common factor of 1834 and 1987139?
917
Calculate the greatest common divisor of 4409585 and 5.
5
Calculate the greatest common factor of 9 and 1579263.
3
Calculate the highest common factor of 70077 and 47.
47
Calculate the highest common divisor of 770 and 2590.
70
What is the highest common divisor of 1615 and 172295?
85
What is the highest common factor of 22651464 and 66?
66
What is the highest common factor of 323 and 7769?
17
What is the highest common factor of 2673 and 10593?
99
Calculate the highest common divisor of 206416 and 97.
97
Calculate the highest common divisor of 245 and 556395.
245
Calculate the greatest common factor of 4953 and 1157.
13
Calculate the highest common divisor of 102 and 336957.
51
What is the highest common factor of 10120 and 385?
55
What is the highest common factor of 636 and 164300?
212
Calculate the greatest common factor of 54 and 2936268.
18
Calculate the greatest common divisor of 1849 and 13656714.
1849
What is the highest common divisor of 53004 and 60?
12
What is the greatest common divisor of 147845 and 5?
5
What is the highest common divisor of 460862 and 4?
2
What is the greatest common factor of 735 and 21795?
15
Calculate the highest common divisor of 4544 and 10934.
142
What is the highest common divisor of 36875 and 9971?
59
Calculate the highest common divisor of 70089 and 183.
183
What is the greatest common divisor of 117 and 25974?
117
Calculate the highest common factor of 514 and 944989.
257
Calculate the greatest common factor of 5395 and 10530.
65
What is the greatest common divisor of 91417 and 904?
113
What is the highest common factor of 140 and 4295?
5
What is the greatest common divisor of 4884 and 7252?
148
What is the highest common divisor of 215839 and 52?
13
What is the greatest common divisor of 490 and 61495?
245
Calculate the greatest common factor of 21 and 259014.
21
Calculate the highest common divisor of 17205216 and 672.
672
Calculate the greatest common divisor of 660 and 46266.
66
What is the highest common divisor of 1152 and 12608?
64
Calculate the greatest common factor of 69696 and 7488.
576
Calculate the greatest common divisor of 427 and 28.
7
Calculate the greatest common divisor o